{"id":560,"date":"2021-03-21T18:13:44","date_gmt":"2021-03-22T01:13:44","guid":{"rendered":"https:\/\/soluciones.cc\/inicio\/?post_type=product&#038;p=560"},"modified":"2021-03-21T18:13:44","modified_gmt":"2021-03-22T01:13:44","slug":"gdata-personal-is","status":"publish","type":"product","link":"https:\/\/soluciones.cc\/inicio\/producto\/gdata-personal-is\/","title":{"rendered":"GDATA Personal Internet Security"},"content":{"rendered":"<p><strong>GDATA Personal Internet Security<\/strong><\/p>\n<ul>\n<li>Protecci\u00f3n frente a ransomware y ataques cibercriminales<\/li>\n<li>M\u00e1ximo rendimiento y seguridad<\/li>\n<li>Actualizaciones de firmas de virus cada hora<\/li>\n<li>Incluye la reconocida tecnolog\u00eda antivirus G DATA Doublescan<\/li>\n<li>G DATA BankGuard garantiza banca y compras online seguras<\/li>\n<li>Protecci\u00f3n anti-phishing de correo electr\u00f3nico<\/li>\n<li>Protecci\u00f3n anti-spam<\/li>\n<li>Protecci\u00f3n anti-exploit sella brechas de seguridad no parcheadas<\/li>\n<li>Comprobaci\u00f3n autom\u00e1tica de memorias USB y discos duros externos<\/li>\n<li>Soporte t\u00e9cnico telef\u00f3nico y por correo electr\u00f3nico en espa\u00f1ol<\/li>\n<li>Cortafuegos inteligente, bloquea ataques externos<\/li>\n<li>Protecci\u00f3n infantil, menores seguros en Internet<\/li>\n<li>Almacenamiento en la nube en servidores alemanes<\/li>\n<\/ul>\n","protected":false},"excerpt":{"rendered":"<p>GDATA Personal Internet Security Protecci\u00f3n frente a ransomware y ataques cibercriminales M\u00e1ximo rendimiento y seguridad Actualizaciones de firmas de virus cada hora Incluye la reconocida tecnolog\u00eda antivirus G DATA Doublescan G DATA BankGuard garantiza banca y compras online seguras Protecci\u00f3n anti-phishing de correo electr\u00f3nico Protecci\u00f3n anti-spam Protecci\u00f3n anti-exploit sella brechas de seguridad no parcheadas Comprobaci\u00f3n&hellip;&nbsp;<\/p>\n","protected":false},"featured_media":561,"template":"","meta":{"om_disable_all_campaigns":false,"_monsterinsights_skip_tracking":false,"_monsterinsights_sitenote_active":false,"_monsterinsights_sitenote_note":"","_monsterinsights_sitenote_category":0,"_uf_show_specific_survey":0,"_uf_disable_surveys":false,"neve_meta_sidebar":"","neve_meta_container":"","neve_meta_enable_content_width":"off","neve_meta_content_width":0,"neve_meta_title_alignment":"","neve_meta_author_avatar":"","neve_post_elements_order":"","neve_meta_disable_header":"","neve_meta_disable_footer":"","neve_meta_disable_title":""},"product_brand":[],"product_cat":[69],"product_tag":[],"class_list":{"0":"post-560","1":"product","2":"type-product","3":"status-publish","4":"has-post-thumbnail","6":"product_cat-software","8":"first","9":"instock","10":"shipping-taxable","11":"product-type-simple"},"aioseo_notices":[],"_links":{"self":[{"href":"https:\/\/soluciones.cc\/inicio\/wp-json\/wp\/v2\/product\/560","targetHints":{"allow":["GET"]}}],"collection":[{"href":"https:\/\/soluciones.cc\/inicio\/wp-json\/wp\/v2\/product"}],"about":[{"href":"https:\/\/soluciones.cc\/inicio\/wp-json\/wp\/v2\/types\/product"}],"wp:featuredmedia":[{"embeddable":true,"href":"https:\/\/soluciones.cc\/inicio\/wp-json\/wp\/v2\/media\/561"}],"wp:attachment":[{"href":"https:\/\/soluciones.cc\/inicio\/wp-json\/wp\/v2\/media?parent=560"}],"wp:term":[{"taxonomy":"product_brand","embeddable":true,"href":"https:\/\/soluciones.cc\/inicio\/wp-json\/wp\/v2\/product_brand?post=560"},{"taxonomy":"product_cat","embeddable":true,"href":"https:\/\/soluciones.cc\/inicio\/wp-json\/wp\/v2\/product_cat?post=560"},{"taxonomy":"product_tag","embeddable":true,"href":"https:\/\/soluciones.cc\/inicio\/wp-json\/wp\/v2\/product_tag?post=560"}],"curies":[{"name":"wp","href":"https:\/\/api.w.org\/{rel}","templated":true}]}}